mmon divisor of y and 416?
208
Let m = -3449 - -3452. Let l = -14 - -18. Suppose 3*d - 29 = 2*d - 4*r, -l*d = 4*r - 92. What is the highest common factor of m and d?
3
Suppose 5*g + 4*p - 80 = 0, -3*p = -5*g - p + 110. Suppose -g*u = -31*u + 385. Calculate the greatest common factor of u and 35.
35
Let s be ((-6)/(-24)*-2)/(2/(-92)). Suppose 3*i - m - 67 = 0, -22*i + s*i = 2*m + 29. What is the highest common divisor of 7 and i?
7
Suppose -39*o - 1993 = -9637. Let f be (-587)/(-4) + (-1)/(-4). Calculate the greatest common divisor of o and f.
49
Let w(h) = 3*h - 3. Let m be w(2). Let t(y) = -y**3 + 19*y**2 + 61*y + 137. Let d be t(22). Calculate the highest common divisor of m and d.
3
Let m = -117 + 121. Let z be m*(15/10 - -7). Suppose 79 = 5*h - 91. Calculate the greatest common factor of h and z.
34
Suppose -5*h = 2975 - 11750. Let x = -1161 + h. Suppose 0*d + 3*d + 792 = 4*l, 3*l - x = 3*d. Calculate the highest common divisor of l and 18.
18
Let v(h) = -47*h - 9. Let w be v(-3). Suppose -2*o + 6*x - 2*x = -396, -3*o - 3*x = -594. What is the highest common divisor of w and o?
66
Let i be ((-32)/4 + 9)*(-1 + 0). Let s be 13*((-2)/i)/(3 + -1). Let l = -39 + 65. Calculate the highest common divisor of l and s.
13
Let n = -2400 + 2436. Calculate the highest common divisor of 4500 and n.
36
Suppose -i + 49 = -4*n, 4*n - 234 = -i - 233. What is the greatest common divisor of i and 8125?
25
Let g = -357 + 415. Let u = 226 - g. What is the greatest common divisor of 42 and u?
42
Suppose -79634*t = -79618*t - 3024. What is the greatest common factor of t and 56?
7
Let u = 20758 - 20736. What is the greatest common factor of u and 6842?
22
Let g(k) = 26*k - 45. Let p be g(12). Let m = p + -241. What is the highest common divisor of 91 and m?
13
Let f = -288 - -723. What is the greatest common divisor of f and 195?
15
Suppose 5*r = -84 - 67 + 231. What is the greatest common divisor of 56 and r?
8
Suppose -w = 0, 3*a + w + w + 159 = 0. Let y = 98 + a. Calculate the highest common divisor of y and 135.
45
Suppose -175 = -51*f + 16*f. Suppose -5*h - 816 = -4*r, -f*r = -14*h + 10*h - 1020. What is the greatest common divisor of r and 60?
12
Let a(x) = x**3 + 10*x**2 - 354*x + 5. Let g be a(15). What is the highest common divisor of 2304 and g?
64
Suppose -4*h = -24, -16*d = -15*d - 3*h - 45. What is the highest common divisor of d and 297?
9
Suppose -4*g - x + 60 = 0, 45*g + 72 = 49*g + 4*x. Calculate the greatest common divisor of 4942 and g.
14
Let t = 9372 - 4828. Calculate the highest common divisor of t and 128.
64
Suppose -480*b = -472*b - 256. What is the greatest common divisor of b and 4352?
32
Let l(z) = -z**2 + 27*z + 14. Let v be l(26). Let o = 1304 + -1274. What is the greatest common divisor of v and o?
10
Let f = -23777 + 61802. Calculate the highest common divisor of 65 and f.
65
Let m be (-12833)/(-8) - (-21)/(-168). Let p = 2372 - m. Calculate the greatest common factor of 12 and p.
12
Suppose 44989 = -39*u + 146077. Calculate the greatest common factor of 2016 and u.
288
Let x(i) = i**2 - 15*i - 12. Let s be x(17). Suppose s*j + 338 = 1086. Calculate the greatest common factor of 170 and j.
34
Suppose 4*i - 14860 + 4404 = -4*t, -t - 2*i + 2620 = 0. What is the highest common factor of 176 and t?
16
Suppose -5*b = -4*t + 370, -46*b + 41*b = -3*t + 280. What is the highest common divisor of t and 1830?
30
Let h(t) = t + 5653. Let j be h(54). What is the highest common factor of 13 and j?
13
Let v = -41 - -28. Let s(c) = c**2 + 13*c + 4. Let p be s(v). Suppose -p*x = -3*y + 14, y + x - 4*x - 3 = 0. Calculate the highest common divisor of 15 and y.
3
Let v(p) = p**3 + 15*p**2 - 17*p - 21. Let h be v(-16). Let c(j) = -24*j + 8. Let n be c(h). What is the greatest common factor of 16 and n?
16
Suppose 216*f - 163977 = -16665. Calculate the highest common divisor of f and 506.
22
Let m = -1282 + 1317. Let i be -4 + 108/(-8)*-34. What is the highest common divisor of m and i?
35
Let i = 42 + -11. Suppose -2*m + 124*f + 428 = 122*f, 1091 = 5*m + 2*f. What is the highest common divisor of m and i?
31
Let v(t) = -14*t + 10. Let m be v(11). Let i be ((-40)/5 - m)*(-2)/(-2). Calculate the greatest common factor of 8 and i.
8
Let q(s) = 5*s - 19. Suppose -2*t - 7*n = -4*n - 28, n = -3*t + 42. Let z be q(t). What is the highest common divisor of 17 and z?
17
Let i = 122 + -217. Let h = i + 100. Let t be 3/(h - (-1 - -5)). Calculate the highest common divisor of 3 and t.
3
Suppose 0 = 8*w + 156 - 246 - 414. Calculate the highest common divisor of w and 504.
63
Let v = 1251 + -860. Let t = v - 377. Calculate the highest common factor of 42 and t.
14
Let o be (-1 + -2)/(1575/526 - 3). Calculate the greatest common factor of 8 and o.
2
Let l = 2 + -1. Suppose 6 = 3*p + z, -4*p = -z + 8 - 9. Calculate the highest common divisor of l and p.
1
Let q be (-81)/(-4) + (-1)/4. Let m = -12 + q. Suppose 26*r - 21*r = -10*n + 110, -2*n = -2*r + 50. Calculate the greatest common divisor of r and m.
8
Let r = 5119 - 5100. What is the highest common factor of r and 3401?
19
Suppose 202*z = -31028 + 140108. Calculate the highest common divisor of z and 320.
20
Suppose 11*w + 369 = -500. Let n = w - -117. Calculate the greatest common factor of n and 209.
19
Suppose 13*x - 2272 + 686 = 0. Let u be (x + 8)*(-56)/(-20). What is the highest common factor of 56 and u?
28
Let i(r) = 30*r**2 + 32*r - 155. Let q be i(9). Calculate the highest common divisor of q and 1165.
233
Suppose q + 58 = -5*n, 5*n = 3*q - 0*n + 134. Let v = -48 - q. Let w(b) = -b**3 - b + 2. Let i be w(v). Calculate the highest common factor of i and 8.
2
Let y be (63/(-105) + 7)*5. Let b = -191 - -308. Suppose -b = -s + 11. What is the greatest common divisor of y and s?
32
Suppose -r = -4*o - 218, -5*r + 843 = -o - 304. Calculate the highest common factor of r and 10.
10
Suppose -i - 107 + 280 = 0. Suppose 124 = 3*c - i. Suppose -d = 4*x - 45, 4*x + 4*d = -d + 49. What is the highest common factor of c and x?
11
Suppose 69342 = 205*p - 90558. Calculate the greatest common factor of p and 660.
60
Suppose 527976 - 198564 = 283*n. What is the highest common divisor of n and 264?
12
Let k(w) = -3*w**2 - 49*w + 231. Let s be k(-20). What is the highest common divisor of 3729 and s?
11
Suppose 0 = 3*i + 3*m + 3, 2*i + 37 = 5*m - 0. Let j = i - -6. Suppose -8*n + 67 + 53 = j. What is the greatest common factor of n and 5?
5
Let u = -7979 + 10417. What is the highest common divisor of 424 and u?
106
Let w(j) = j**3 + 20*j**2 - 19*j + 82. Let k be w(-21). Calculate the greatest common factor of k and 25.
5
Let i(q) = q**3 + 21*q**2 + 72*q + 73. Let r be i(-4). Calculate the highest common factor of r and 321.
3
Let i(k) = -k**2 - 11*k + 16. Let p(z) = 2*z**2 + 23*z - 33. Let t(q) = -9*i(q) - 4*p(q). Let g be t(4). What is the greatest common divisor of g and 48?
16
Let l(n) = n**2 - 4*n - 5. Let w be l(-4). Let q = -25806 - -25815. What is the highest common factor of q and w?
9
Suppose -243*f + 28003 - 3946 = 0. Calculate the highest common factor of f and 2673.
99
Suppose 4*z + 8 = 48. Let q = 9476 - 9472. What is the greatest common divisor of q and z?
2
Suppose -4*f + 595 = -5*c, 2*f + 125 = 3*f - 6*c. What is the highest common factor of 15 and f?
5
Let z(q) = -q**3 - 21*q**2 + 22*q + 7. Let l be z(-22). Suppose -l*b + c = -11*b + 923, 2*c = 4*b - 914. Calculate the greatest common factor of b and 20.
10
Suppose -60*c - d = -63*c + 23, 3*c + 3*d = 3. Calculate the greatest common factor of 294 and c.
6
Let u be (-1005)/(-30)*3/((-9)/(-78)). What is the highest common factor of u and 1072?
67
Suppose 44 = 5*u - 91. Let r be (-9 - u)*(-4)/2. Let g = 191 - r. Calculate the greatest common factor of g and 17.
17
Let l = -1674 + 1704. Let i be 8/36 - 68/(-18). Suppose 6*r - 2*r = -5*a + 65, -i*r = 2*a - 74. What is the highest common divisor of l and r?
10
Let x(u) = -u**3 + 12*u**2 + 28*u + 3. Let b be x(14). Suppose -b*h + 9*h - 534 = 0. Let w = -85 + h. What is the highest common divisor of 4 and w?
4
Suppose 0 = -5*a + 7*y - 9*y + 30, -3*a - 13 = -5*y. Let d(j) = -18*j + 84. Let b be d(a). What is the greatest common factor of b and 138?
6
Let p = -311 - -363. Suppose -13*d = -18*d + 395. Let m be -